s the remainder when 48 is divided by 26/r*(-8 - -6)*-1?
9
What is the remainder when 64 is divided by ((-1680)/(-216))/((-4)/(-6))*3?
29
Let d(z) = 60*z**3 + z**2 - z + 1. Let x be d(1). Suppose 2*i + 2*a = -64, -2*i = -0*a + a + x. Let j = -25 - i. Calculate the remainder when j is divided by 1.
0
Suppose -10 + 5 = -z. Suppose y + 64 = z*y. What is the remainder when 63 is divided by y?
15
Let q(p) = p**2 + 11*p + 3. Let c be q(-11). Calculate the remainder when 73 is divided by (54/c - 3)/1.
13
Suppose -q - 2*s = -22, -s - 2*s - 84 = -3*q. Let h = q + -11. Suppose -11*t - 40 = -h*t. Calculate the remainder when 16 is divided by t.
6
Suppose 4*a - 14 = 5*d - 114, 20 = -4*a. Suppose -2*o = -0*o - d. What is the remainder when (6/(-2))/((-2)/10) is divided by o?
7
Suppose 2*v + 5*l - 69 = 0, -3*v + 14*l = 18*l - 86. What is the remainder when (-107)/(3/6*-2) is divided by v?
19
Calculate the remainder when 321 is divided by (-3)/36*-2 - 970/(-12).
78
Calculate the remainder when 248 is divided by 7 - ((-4 - 0) + 2 + -1).
8
Calculate the remainder when (4 + -1)*2910/45 is divided by 50.
44
Let j(l) = l**3 - 6*l**2 + 6*l - 3. Let w be j(5). Calculate the remainder when ((-72)/5)/18 + 79/5 is divided by (-18)/w*(-1 + 0).
6
Let z = -324 - -471. What is the remainder when z is divided by 25?
22
Let k = 1855 - 1841. What is the remainder when 166 is divided by k?
12
Let z = -1019 + 1046. What is the remainder when 56 is divided by z?
2
Suppose -13 = 2*f - 13. Suppose 18*k - 99 - 27 = f. Calculate the remainder when 22 is divided by k.
1
Let m be -2*2/12*0. Let a(g) = -4 + 2 - 1 + 5*g + m + 2*g**2. Calculate the remainder when a(5) is divided by 25.
22
Let c be 50*(-1)/(-2)*2. Suppose -5*p - 4*v + 107 = 0, -v - 3*v = 2*p - c. Let g = 24 + 31. What is the remainder when g is divided by p?
17
Let q(h) = -2*h**3 - 9*h**2 - 21*h + 12. Let n(t) = t**3 - t + 1. Let s(i) = -3*n(i) - q(i). What is the remainder when 32 is divided by s(11)?
4
Suppose -2008 = -3*m - 1741. What is the remainder when m is divided by 82?
7
Let i(q) = -q**3 - 3*q**2 + 4*q - 8. Let u = 5812 + -5799. What is the remainder when i(-6) is divided by u?
11
Suppose -4*f + 5*u + 0 = -21, -3 = -f - u. Let c be f/(-20) + 93/15. Let g(s) = 2*s**2 - 4*s + 2. Calculate the remainder when g(c) is divided by 13.
11
Let u = 30 + -8. Calculate the remainder when 74 is divided by 2/(((-30)/(-9))/(-5)) + u.
17
Let b be (-1)/(-3) + (-570)/(-18). Suppose -4*a + b = -0*a. Calculate the remainder when 26 is divided by a.
2
Let g(i) = -i**3 + 6*i**2 + 13*i - 14. What is the remainder when 38 is divided by g(7)?
10
Let v = 63 + -47. Calculate the remainder when 188 is divided by v.
12
Let p = 90 + -77. Calculate the remainder when 36 + 2 + 0/(-1) is divided by p.
12
Let s(p) = -p**2 - 28*p - 113. What is the remainder when s(-18) is divided by 17?
16
Suppose 0 = -8*n + 28 - 4. Suppose 0 = -n*l - 12 + 48. What is the remainder when 33 is divided by l?
9
Let c = 65 - 64. Calculate the remainder when (-1)/(-3)*c - (-20774)/102 is divided by 23.
20
Suppose 0 = -4*s - 0 + 8. Suppose -36 = -3*t - 5*b, -4*t - 2*b = -17 - 31. Calculate the remainder when 64/s - 4/(-2) is divided by t.
10
Suppose 2*t = l - 8, -5*l = -l - 4*t - 28. What is the remainder when 14 is divided by l/(-10) + 18/5?
2
Let n(p) = 8*p + 46. Suppose 3*a + 4*v - 1 = 0, 3*a = 5*v + 12 + 7. Suppose 7*h - 12 = a*h. What is the remainder when n(-4) is divided by h?
2
Let v be 3/6 - 22/(-4). Let i = v + 15. Let o = i - 14. Calculate the remainder when 12 is divided by o.
5
Let d be 12*(16/18 - (-8)/(-36)). Calculate the remainder when 138 is divided by 24 + (13/(-52) - 30/d).
18
Suppose -4*v = -3*d - 644, -6*v + 312 = -4*v + d. Suppose 5*q + 3*o - 189 = 5*o, -4*q + 5*o + v = 0. Calculate the remainder when q is divided by 20.
17
Suppose -99 = 5*k - 144. What is the remainder when 71 is divided by k?
8
Let m(y) be the second derivative of -2/3*y**3 - y - 1/4*y**4 - 1/20*y**5 + 0 - y**2. What is the remainder when 4 is divided by m(-2)?
0
Let f(p) = 5*p**3 + 24*p**2 + 14*p + 9. Calculate the remainder when 31 is divided by f(-4).
14
Suppose -18*h + 707 = -13. Suppose h*g + 357 = 47*g. What is the remainder when g is divided by 15?
6
Suppose -3*g = -2*g + h - 27, -4*g + 81 = -5*h. Suppose 3*n - 110 - 22 = 0. What is the remainder when n is divided by g?
20
Suppose 129 = 5*d - 2*t - 101, -151 = -4*d - 5*t. Let m = -25 + d. Suppose -218 = -8*b + 222. Calculate the remainder when b is divided by m.
17
Suppose 0*j - 116 = -4*j. Suppose 4*x + 108 = 4*p, -5*p = -4*x + x - 131. What is the remainder when j is divided by (-7 - 1*-2)*(-40)/p?
5
Suppose 0*g = 5*g - 10. Let x(o) = -11*o - o**3 + 0*o**3 + 7 - 6*o**g + 5*o. Calculate the remainder when 34 is divided by x(-5).
10
Suppose 0 = t + 2*x - 25, 2*x + 1 + 7 = 0. What is the remainder when 157 is divided by t?
25
Let z = -864 + 1094. What is the remainder when z is divided by 119?
111
Suppose 0 = -3*d + 7 + 8. Suppose 3*v = 2*v - 5*k - 12, -d*k = -4*v + 2. Let x(q) = -21*q. What is the remainder when x(v) is divided by 15?
12
Suppose -2*a + 128 = 4*n, -4*n - a + 128 = 4*a. Let t = 78 - n. What is the remainder when t is divided by 12?
10
Let z be 260/(9 - 4) + -3. Suppose -4*y = -3*l - 28, -5*y + 0*l - 3*l + 8 = 0. Suppose y*j - 23 = z. What is the remainder when 35 is divided by j?
17
Suppose -82*u + 424 = -78*u. Calculate the remainder when u is divided by 9.
7
Let f(c) = -c**3 - 4*c**2 + c - 6. Suppose 124*m = 136*m - 1164. Calculate the remainder when m is divided by f(-5).
13
Let s(z) = 6*z + 25. Let b be s(11). Suppose 3*q - b + 67 = 0. What is the remainder when 21 is divided by q?
5
Suppose -16*s + 24 = -20*s. Suppose -u = -6*u + 195. Calculate the remainder when u is divided by -4*15/(-20) + (1 - s).
9
Suppose 169 = 9*p - 38. Calculate the remainder when 27 is divided by p.
4
Let d(i) = 13*i - 61. What is the remainder when 249 is divided by d(6)?
11
Suppose 0*l = -3*l + 165. Let p be -1 - 1*(-2 - 3). Suppose 5*j + 5*u - 65 = 0, -p*j - u + 0*u = -l. Calculate the remainder when j is divided by 5.
4
Let j(h) = -h**3 - 10*h**2 + 13*h + 3. Let s be j(-14). Suppose s = -o - 4*o. Let d = o - -187. Calculate the remainder when d is divided by 23.
20
Suppose -4*r - 57 = -3*h, -3*h - 181 = 5*r - 238. What is the remainder when 1916 is divided by h?
16
Suppose -4*j = 5*c - 385, 10*j - 9*j - 2*c = 80. Calculate the remainder when 356 is divided by j.
86
Let i = -51 + 56. Let d(w) = -w**2 + 10*w - 8. Let s be d(8). Let n = s - i. What is the remainder when 9 is divided by n?
0
Suppose -5*g = -2*o - 0*o + 66, 51 = -4*g + o. Let a be (g - -9) + (-1 - -7). Let n = 4 - a. Calculate the remainder when 1 is divided by n.
0
Suppose 0 = 298*v - 266*v - 416. Calculate the remainder when (8/(-10))/((-4)/110) is divided by v.
9
Let l(k) = -k - 11. Let t be l(-9). Let v be 2 - (t - 1 - 167). Suppose 266 = 3*u - x + 1, -2*u = -3*x - v. Calculate the remainder when u is divided by 15.
14
Suppose -6 = 5*g - 1, g - 3 = -2*s. Suppose 1 + 1 = 5*f + 4*o, -4*f + 4 = s*o. Suppose 6 = -49*p + 50*p. What is the remainder when p is divided by f?
0
Let z = -127 + 131. Suppose 260 = z*n - 4*c, -3*n + n + 5*c = -118. What is the remainder when n is divided by 7?
6
Suppose 2*q - 18 = -2*d, -3*q + 2 = -3*d + 17. Let o(n) = -3*n - 11 + 2 - n + n**2. Calculate the remainder when 34 is divided by o(d).
10
Suppose -23*a - 18 + 685 = 0. Calculate the remainder when a is divided by 9.
2
Suppose -140 = 187*y - 194*y. What is the remainder when 34 is divided by y?
14
Let r be (-255)/(-6) + (-2)/(-4). Let d = r - 26. Suppose 4*w + i = 6*i + 153, 4*w - 4*i = 148. Calculate the remainder when w is divided by d.
15
Suppose -n = 3*k - 182 + 122, n - 52 = 5*k. What is the remainder when 1366 is divided by n?
55
Suppose 0 = -32*l + 365 + 51. What is the remainder when 185 is divided by l?
3
Suppose -2*v - 93*t + 109 = -94*t, v + 5*t = 38. Calculate the remainder when 263 is divided by v.
51
Suppose -m + 5 = 0, 3*h + 7*m = 4*m + 99. What is the remainder when h is divided by 19?
9
Let l(f) = 2*f**2 + 10*f + 2. Let p(j) = j**2 + 5*j + 1. Let c(y) = 3*l(y) - 5*p(y). What is the remainder when c(-7) is divided by 1*-2*(-27)/6?
6
Calculate the remainde